= 0. What is the units digit of h(y)?
6
Let z = 96379 + -55545. What is the thousands digit of z?
0
Suppose -92*g + 88*g + 63433 = b, 18 = 2*g. What is the hundreds digit of b?
3
Let s = -101 - -559. Let y = s - 436. What is the tens digit of y?
2
What is the hundreds digit of ((-7144)/(-228))/(26/91*(-14)/(-1698))?
3
Let q(r) = 13*r**3 + 14*r**2 - 35*r + 46. Let k(l) = -4*l**3 - 5*l**2 + 12*l - 15. Let w(m) = -11*k(m) - 4*q(m). What is the tens digit of w(-5)?
1
Let r(p) = 29*p + 304. Let q be r(-11). What is the units digit of (-70)/q*-3*(-18)/7?
6
Suppose 5 = -6*f - 25. Let j(v) = 3*v + v - 158 + 182. What is the units digit of j(f)?
4
Let k(h) = -h**3 - 43*h**2 + 240*h + 2. Let y be k(-48). Suppose -4*d = -5*j - 3425, 1675 = -0*d + y*d + 5*j. What is the units digit of d?
0
Let s = 3333 - 1869. What is the tens digit of s?
6
Let h(v) = 2323*v**2 + 294*v - 1420. What is the thousands digit of h(5)?
8
Let k(r) = 15*r + 107. Let i be k(-5). Let a(n) = n**3 + 10*n**2 + 9*n + 9. Let o be a(-9). Suppose -o*v + 58 = -i. What is the tens digit of v?
1
Suppose -31*h + 30*h - 307 = 0. Let c = h - -587. What is the hundreds digit of c?
2
Let x(q) = q**3 - 124*q**2 - 145*q - 69. What is the thousands digit of x(127)?
9
Suppose j = -4*h + 11270, -112*h = 3*j - 116*h - 33842. What is the thousands digit of j?
1
Suppose 2*b - 25786 = -u, -38*u + 128944 = -33*u + 3*b. What is the tens digit of u?
9
Let k(r) = 11*r**3 - 64*r**2 - 22*r + 11. Let s(f) = 6*f**3 - 32*f**2 - 11*f + 5. Let n(u) = -4*k(u) + 7*s(u). What is the units digit of n(16)?
7
Let z = 313 - -91. What is the tens digit of z + 3/30 + 19/10?
0
Suppose -q - 35 = -4*u - 75, 3*q + 3*u = 180. What is the thousands digit of ((-717336)/q)/(-9) - 6/21?
1
Let v(s) = 10*s**3 + 11*s**2 + 7*s + 6. Let y be v(-7). What is the tens digit of (8 + y/24)*-4?
5
Let z = -5045 - -25332. What is the tens digit of z?
8
Let i(o) = o**3 - 13*o**2 - 57*o + 21. Let f be i(23). Suppose 59*a = 54*a + f. What is the tens digit of a?
0
Let q(v) = v**3 + 6*v**2 - 14. Let w be q(-5). Let l(s) = s + 36. Let k be l(w). What is the tens digit of (k/1)/(5/(2 - -3))?
4
Let d = 4 - 63. Let b = -42 - d. Suppose -12*y + b*y = 460. What is the units digit of y?
2
Suppose 160*t = -28*t + 418488. What is the thousands digit of t?
2
Suppose 0 = 8*o - 9498 - 1414. Suppose 9*h = o + 400. What is the tens digit of h?
9
Let p(g) be the third derivative of g**5/6 + g**4/12 + 23*g**3/6 - 81*g**2. What is the hundreds digit of p(-9)?
8
Let a = 1091 - -1963. Let y = a - 2001. What is the hundreds digit of y?
0
Suppose -43*v - 61931 + 1445148 + 24173 = 0. What is the tens digit of v?
3
Suppose -5632 = -23*z + 9778. What is the units digit of z/16 + (-7)/(-56)?
2
Let t(s) = 815*s**2 + 65*s - 424. What is the units digit of t(7)?
6
Suppose -2*h = -0*c - 3*c + 13, -5*h + 5 = 0. Suppose c*s - 3101 = -121. What is the hundreds digit of s?
5
Let v = 121 + -67. Let f = -50 + v. Suppose -2*o = 3*a - 564, 0*a - f*o = a - 188. What is the tens digit of a?
8
Let w be ((-5)/10 + 0)*-10 - 2. Suppose 6*g - w*d - 906 = 3*g, 15 = 3*d. What is the tens digit of g?
0
Let t(r) = -r**3 + 36*r**2 - 36*r - 303. What is the tens digit of t(30)?
1
Let x(k) = 59*k + 118. Let r be x(9). What is the hundreds digit of r + (4 - 5)*1?
6
What is the ten thousands digit of 0 - -12993 - -3*2/2?
1
Suppose 0*s - 5*y = -s + 10, 3*s - y = 2. Let d be ((-21)/(-14))/((s - -1)/2). Suppose -270 = -d*h + 4*f, 2*f - 109 = -h - 19. What is the units digit of h?
0
Suppose -199*g - 3281093 = -4637781 - 4306255. What is the tens digit of g?
5
Let i = -4 - -40. Let f be 0 + (4 - 1) + i + 0. Let n = f + 23. What is the units digit of n?
2
Let c = -475 + 561. Suppose -16*m = -17*m + c. What is the tens digit of m?
8
Let m(j) = -4*j**3 - 9*j**2 - 14*j - 217. What is the units digit of m(-13)?
2
Let v be (-175)/(-1)*40/140. Let y = v - -52. What is the units digit of y?
2
What is the units digit of 8419/(-3)*105/(-35)?
9
Suppose -161 = -5*r - 61. Suppose -g = -3*m - 102 + r, 3*g + 4*m - 298 = 0. What is the tens digit of g?
9
Suppose -8*t + 11*t = 2*k - 1297, -3*k + 1953 = -3*t. Let c = -173 + k. What is the hundreds digit of c?
4
Let s = 7375 - 3554. Suppose 0 = 4*b - 803 - s. What is the hundreds digit of b?
1
Let f = -997 - -239. Let w = -317 - f. What is the hundreds digit of w?
4
Let i = 33 - -102. Let g be (-2)/(-1 + 4/12) + 235. Let u = g - i. What is the tens digit of u?
0
Suppose 16*f - 9 = 13*f. Suppose f*j + 3*j - 12 = 0. Suppose 69 + 87 = j*h. What is the units digit of h?
8
Let c = -154 - -70. Let z(j) = -2*j**2 - 270*j + 294. Let s be z(-136). What is the units digit of (-4 - c/s) + 9015/33?
3
Let c(l) = 30*l - 74. Let h be c(27). Suppose -x = 2*n + n - 1119, -2*n - 4*x = -h. What is the units digit of n?
4
Let k(q) = -56*q + 436. What is the thousands digit of k(-46)?
3
Let q(a) = 4*a**2 + a - 6. Let r be q(-3). What is the thousands digit of -3*36/r*1138/(-4)?
1
Let t(s) = s**2 - s - 45. Let i be (-2)/(-18) - 14795/(-495). What is the hundreds digit of t(i)?
8
Suppose 247 = 3*f + 5*j, 27*j = 25*j + 4. Suppose 80*m - 228 = f*m. What is the tens digit of m?
2
Suppose -2*l - l = -5*r + 160, 4*r + 4 = 0. Let i be (2 - (-24)/(-11)) + (-10)/l. Suppose 5*y - 42 = y + j, i = 5*j - 10. What is the tens digit of y?
1
Suppose 9362 = 2*n + 4*x, -6*n = -10*n - 3*x + 18724. What is the thousands digit of n?
4
Suppose 3*h - 75*h = -14525 - 3619. What is the units digit of h?
2
Suppose n - 2*g = -3215, -7*n + 5*n + 2*g - 6424 = 0. Let y = -1995 - n. What is the units digit of y?
4
Suppose 2*s = 12*s - 7*s - 67590. What is the ten thousands digit of s?
2
Let z(l) = l**3 - 54*l**2 - 236*l - 22. What is the thousands digit of z(60)?
7
Suppose h = 20*h - 38. Suppose -215 = -3*c - u, -h*c + u = -5 - 140. What is the tens digit of c?
7
Let u be (10*(-4)/20*2)/(-2). Let q be u*2 + (5 - 5). Suppose 0 = 5*p - 5, 4*b - q*p - 19 = 5. What is the units digit of b?
7
Let u(z) = -z**3 - 17*z**2 - z. Let k be u(-17). Let q = 22 - k. Suppose -17*s + q*s = -1152. What is the tens digit of s?
9
Suppose 5*n - 13416 = -2*f, f - 426*n - 6708 = -430*n. What is the tens digit of f?
0
Let r(q) = 6*q**2 - 94*q + 93. What is the units digit of r(21)?
5
Suppose -3*a = -2*c + 2722, -c + 2*a + 1361 = 3*a. Suppose 4*n = -2*m + 8*n + 676, 0 = 4*m - 5*n - c. What is the tens digit of m?
4
Suppose 8*r - 10720 + 31460 = 12*r. What is the tens digit of r?
8
What is the hundreds digit of (-1)/(-4) + (44426/388)/((-4)/(-14))?
4
Let i be ((-1)/((-3)/2))/((-3)/135). Let j = -26 - i. What is the units digit of 39 + (-8 + j - -1)?
6
Suppose -32*n + 15242 = s - 30*n, 60913 = 4*s - 3*n. What is the ten thousands digit of s?
1
Let b(g) = -13*g - 58. Let u be b(-21). Suppose -2*i - 2*i + u = -5*o, 3*i = 5*o + 160. What is the tens digit of i?
5
Suppose 8*g = g. Suppose g = 8*v - 5*v - 96. What is the tens digit of v?
3
Let p(a) = 3581*a + 1394. What is the tens digit of p(5)?
9
Suppose -5746*n = -5726*n - 528700 + 120940. What is the tens digit of n?
8
Suppose -5*x - 24 = 4*g, -6*g + 9*g = 4*x + 13. What is the hundreds digit of ((-2)/x)/(21/21042)?
5
Let s = 58 + -58. Suppose 8*n + 1 = 7*n, s = -4*b + 2*n + 838. What is the hundreds digit of b?
2
Let c(t) = 569*t + 143. What is the units digit of c(15)?
8
Suppose 83*u - 22161 = 80*u + 5*p, 4*p + 22167 = 3*u. What is the hundreds digit of u?
3
Let w = -36 - -29. Let k be w/(35/(-640)) + 4. Suppose -z = 3*z - k. What is the units digit of z?
3
Suppose -16*g + 21*g = y + 241146, -4*g - 4*y + 192888 = 0. What is the hundreds digit of g?
2
Let m(j) = -2511*j**3 + 3*j**2 - 40*j - 100. What is the units digit of m(-3)?
4
Suppose -9695 = 714*a - 715*a. What is the units digit of a?
5
Suppose -5*y + 4*y = -4*s + 22, 0 = -2*s + 8. What is the hundreds digit of (-141336)/(-216) - (-2)/y?
6
Suppose 0 = -3*a - 5*a. Let h = a - -33. What is the units digit of h?
3
Let b(y) = -9*y**2 + 7*y + 6. Let x be b(-2). Let w(o) = o**3 + 45*o**2 + 38*o - 81. What is the units digit of w(x)?
3
Let y be (29 + 1480/(-50))/(2/(-10)). Let u be (-44)/(-10) - 2/5. Suppose y*i + f - 624 = 0, -426 = -i - i - u*f. What is the hundreds digit of i?
2
Let h(f) = -21*f - 5. Let p be h(-1). Suppose 72 = 7*i + p. Suppose -